 3, 977, 94777
List the prime factors of 1108657508.
2, 7, 587, 67453
List the prime factors of 110239391.
23, 37, 281, 461
List the prime factors of 1133052278.
2, 17, 33325067
What are the prime factors of 2131786494?
2, 3, 118432583
What are the prime factors of 277777647?
3, 7, 23, 63901
List the prime factors of 456247680.
2, 3, 5, 7, 83, 409
What are the prime factors of 320754695?
5, 1879, 34141
What are the prime factors of 374361242?
2, 41, 4565381
What are the prime factors of 2182053660?
2, 3, 5, 571, 63691
List the prime factors of 925766014.
2, 29, 283, 56401
What are the prime factors of 9723475?
5, 131, 2969
What are the prime factors of 39652278?
2, 3, 19, 43, 8089
What are the prime factors of 18297686?
2, 11, 831713
List the prime factors of 189707619.
3, 67, 943819
List the prime factors of 159408553.
159408553
What are the prime factors of 513376608?
2, 3, 17, 314569
List the prime factors of 66873137.
59, 149, 7607
What are the prime factors of 118295437?
13, 29, 24137
List the prime factors of 448886292.
2, 3, 17, 2200423
What are the prime factors of 2409189372?
2, 3, 23, 79, 12277
List the prime factors of 1725694059.
3, 41, 137, 102409
What are the prime factors of 784089021?
3, 23, 89, 127681
List the prime factors of 2310611629.
31, 74535859
What are the prime factors of 132914571?
3, 44304857
What are the prime factors of 495826659?
3, 29, 449, 4231
List the prime factors of 11311074.
2, 3, 67, 83, 113
What are the prime factors of 116238608?
2, 37, 41, 4789
What are the prime factors of 1561643364?
2, 3, 19, 6849313
What are the prime factors of 135489944?
2, 227, 74609
List the prime factors of 247687438.
2, 83, 223, 6691
What are the prime factors of 80700046?
2, 7, 5764289
What are the prime factors of 19615237?
19615237
What are the prime factors of 2294448070?
2, 5, 37, 71, 167, 523
What are the prime factors of 1939308093?
3, 19, 541, 20963
What are the prime factors of 2206849326?
2, 3, 11, 4931, 6781
List the prime factors of 2542767858.
2, 3, 141264881
List the prime factors of 212685639.
3, 19, 1439, 2593
What are the prime factors of 3611240298?
2, 3, 4019, 49919
List the prime factors of 478933483.
7, 449, 152381
What are the prime factors of 4145516379?
3, 8543, 53917
What are the prime factors of 24146524?
2, 137, 139, 317
List the prime factors of 439691526.
2, 3, 127, 192341
List the prime factors of 147514497.
3, 13, 1667, 2269
What are the prime factors of 237980864?
2, 11, 79, 389
What are the prime factors of 49327700?
2, 5, 493277
List the prime factors of 105309450.
2, 3, 5, 78007
What are the prime factors of 22948416?
2, 3, 39841
What are the prime factors of 260334160?
2, 5, 29, 112213
List the prime factors of 26605113.
3, 283, 31337
What are the prime factors of 7619024528?
2, 23, 67, 309013
What are the prime factors of 113345910?
2, 3, 5, 67, 18797
List the prime factors of 1655051446.
2, 2393, 345811
List the prime factors of 1088713329.
3, 11, 3373, 9781
List the prime factors of 407370519.
3, 43, 67, 5237
List the prime factors of 16696214.
2, 8348107
List the prime factors of 95092375.
5, 7, 108677
List the prime factors of 3330300146.
2, 6263, 265871
List the prime factors of 3585161171.
503, 1361, 5237
What are the prime factors of 280258899?
3, 73, 79, 97, 167
List the prime factors of 35247831.
3, 19, 43, 73, 197
What are the prime factors of 37678097?
37678097
List the prime factors of 2451975456.
2, 3, 7, 79, 46187
What are the prime factors of 848840227?
79, 10744813
List the prime factors of 40170128.
2, 257, 9769
List the prime factors of 24468543.
3, 11, 439, 563
List the prime factors of 769024178.
2, 13, 29577853
What are the prime factors of 394323460?
2, 5, 19716173
List the prime factors of 51231931.
17, 3013643
What are the prime factors of 57219431?
19, 3011549
List the prime factors of 1254779162.
2, 7, 13, 984913
List the prime factors of 45480260.
2, 5, 7, 163, 1993
What are the prime factors of 138972238?
2, 2251, 30869
List the prime factors of 6091057326.
2, 3, 541, 1876481
List the prime factors of 57095878.
2, 7, 61, 9551
What are the prime factors of 919773776?
2, 57485861
What are the prime factors of 248369487?
3, 82789829
What are the prime factors of 29789937?
3, 367777
List the prime factors of 1115263436.
2, 7, 39830837
What are the prime factors of 64365243?
3, 3221, 6661
List the prime factors of 1962240.
2, 3, 5, 7, 73
What are the prime factors of 727485967?
13, 29, 1929671
List the prime factors of 4074183326.
2, 2037091663
List the prime factors of 240075346.
2, 7, 31, 277, 1997
List the prime factors of 526638997.
526638997
List the prime factors of 158167334.
2, 13, 29, 209771
List the prime factors of 219863994.
2, 3, 7, 5234857
List the prime factors of 119053262.
2, 263, 226337
List the prime factors of 57232303.
23, 37, 109, 617
What are the prime factors of 31053551?
971, 31981
What are the prime factors of 864200075?
5, 127, 272189
List the prime factors of 2358165.
3, 5, 157211
List the prime factors of 31517755.
5, 6303551
List the prime factors of 1532549524.
2, 11, 17, 23, 229, 389
What are the prime factors of 175906188?
2, 3, 61, 26701
List the prime factors of 322285374.
2, 3, 17904743
List the prime factors of 701400120.
2, 3, 5, 37, 41, 3853
What are the prime factors of 146810065?
5, 67, 101, 4339
List the prime factors of 4323656422.
2, 389, 5557399
What are the prime factors of 188114171?
7, 23, 1168411
List the prime factors of 53302582.
2, 17, 92219
List the prime factors of 1997389648.
2, 37, 3373969
What are the prime factors of 650522684?
2, 7, 19, 521, 2347
What are the prime factors of 2629618427?
6247, 420941
What are the prime factors of 66174317?
11, 29, 207443
What are the prime factors of 120530034?
2, 3, 17, 19, 20731
List the prime factors of 44481800.
2, 5, 11, 20219
What are the prime factors of 203636330?
2, 5, 20363633
What are the prime factors of 142742616?
2, 3, 1051, 5659
What are the prime factors of 701381044?
2, 7, 13, 23, 83777
List the prime factors of 264375477.
3, 29375053
What are the prime factors of 300783885?
3, 5, 4463, 4493
What are the prime factors of 840480732?
2, 3, 7, 13, 19, 643
What are the prime factors of 1243205892?
2, 3, 34533497
List the prime factors of 489868331.
489868331
What are the prime factors of 3210263139?
3, 28541, 37493
List the prime factors of 268456437.
3, 23, 593
List the prime factors of 211953618.
2, 3, 593, 6619
What are the prime factors of 81246736?
2, 19, 267259
What are the prime factors of 3070592592?
2, 3, 1229, 52051
List the prime factors of 2269404828.
2, 3, 63039023
List the prime factors of 3093642625.
5, 101, 317, 773
List the prime factors of 1337424728.
2, 71, 2354621
What are the prime factors of 430899065?
5, 83, 1038311
What are the prime factors of 2053461411?
3, 228162379
What are the prime factors of 217677546?
2, 3, 12093197
What are the prime factors of 43181401?
1823, 23687
What are the prime factors of 6909593449?
11, 269, 2335111
List the prime factors of 728111097.
3, 7, 11557319
List the prime factors of 91534516.
2, 233, 98213
What are the prime factors of 3941097534?
2, 3, 11, 19, 131, 727
What are the prime factors of 76038253?
23, 3306011
What are the prime factors of 621110415?
3, 5, 1709, 24229
List the prime factors of 967634461.
43, 97, 139, 1669
List the prime factors of 158738823.
3, 17637647
List the prime factors of 233199793.
43, 157, 34543
List the prime factors of 696993736.
2, 5233, 16649
List the prime factors of 5156192670.
2, 3, 5, 23, 379, 19717
What are the prime factors of 1659025?
5, 66361
What are the prime factors of 99187085?
5, 19837417
What are the prime factors of 714322854?
2, 3, 7, 1889743
List the prime factors of 72832652.
2, 71, 317, 809
List the prime factors of 3942524495.
5, 7, 13, 293, 29573
List the prime factors of 1344096.
2, 3, 13, 359
List the prime factors of 132675561.
3, 241, 61169
What are the prime factors of 1476830304?
2, 3, 1609, 3187
List the prime factors of 2978330003.
11, 270757273
List the prime factors of 446921747.
43, 10393529
List the prime factors of 644622421.
15661, 41161
What are the prime factors of 113019782?
2, 4481, 12611
List the prime factors of 380500357.
3805